mber?
False
Is 20441 a prime number?
True
Is 22267 composite?
True
Is 48053 composite?
True
Is 96079 a composite number?
False
Is 15634 prime?
False
Is 3421499 a prime number?
True
Is 730687 composite?
True
Is 85454 a prime number?
False
Is 34841 composite?
False
Is 78871 composite?
True
Is 19297 composite?
True
Is 17467 a composite number?
False
Is 3089519 a composite number?
False
Is 9865 composite?
True
Is 1744685 composite?
True
Is 238957 composite?
True
Is 3386 prime?
False
Is 63029 prime?
True
Is 105153 a prime number?
False
Is 200227 a prime number?
True
Is 7103 a prime number?
True
Is 44413 a prime number?
False
Is 125093 a composite number?
False
Is 3761 composite?
False
Is 3109 a prime number?
True
Is 100907 a prime number?
True
Is 6007 a prime number?
True
Is 39307 a composite number?
True
Is 112526 prime?
False
Is 116497 prime?
False
Is 4237 a composite number?
True
Is 825733 composite?
False
Is 18041 a prime number?
True
Is 147493 a prime number?
False
Is 123869 a composite number?
True
Is 23357 prime?
True
Is 267101 a composite number?
True
Is 90887 a prime number?
True
Is 666479 a prime number?
False
Is 12651 a prime number?
False
Is 283723 a prime number?
False
Is 2503 a composite number?
False
Is 7829 prime?
True
Is 16843 composite?
False
Is 1847 prime?
True
Is 6677 prime?
False
Is 3721439 a prime number?
True
Is 19847 a prime number?
False
Is 186817 a prime number?
False
Is 74257 prime?
True
Is 304726 prime?
False
Is 213637 prime?
True
Is 11251 composite?
False
Is 2267 composite?
False
Is 151783 prime?
True
Is 18539 a prime number?
True
Is 2525531 a composite number?
False
Is 2281 composite?
False
Is 7627 prime?
False
Is 19553 composite?
False
Is 105199 a composite number?
False
Is 93237 a prime number?
False
Is 18649 a composite number?
True
Is 60077 composite?
False
Is 48907 a composite number?
False
Is 318543 a prime number?
False
Is 15482 composite?
True
Is 33827 a prime number?
True
Is 20929 prime?
True
Is 4007 a prime number?
True
Is 479 a composite number?
False
Is 5131 prime?
False
Is 44787 a composite number?
True
Is 51994 a prime number?
False
Is 9961 a composite number?
True
Is 6217 a prime number?
True
Is 2733589 a prime number?
True
Is 638767 composite?
False
Is 103949 composite?
True
Is 115421 prime?
True
Is 1175903 composite?
True
Is 6542 prime?
False
Is 275579 composite?
False
Is 1100999 a prime number?
False
Is 6863 composite?
False
Is 58013 composite?
False
Is 1834377 a prime number?
False
Is 14447 a composite number?
False
Is 396611 a composite number?
True
Is 10239 a prime number?
False
Is 57527 a composite number?
False
Is 9227 prime?
True
Is 469069 a composite number?
False
Is 200569 prime?
True
Is 3761 composite?
False
Is 1177 a prime number?
False
Is 36331 prime?
False
Is 6469 a prime number?
True
Is 144617 composite?
True
Is 10307 prime?
False
Is 39665 a composite number?
True
Is 409217 a prime number?
True
Is 6326 a prime number?
False
Is 128761 prime?
True
Is 27413 composite?
True
Is 188563 prime?
True
Is 95185 composite?
True
Is 3551 composite?
True
Is 17617 a composite number?
True
Is 199879 a composite number?
True
Is 69205 a composite number?
True
Is 1440799 a composite number?
False
Is 1060513 a prime number?
True
Is 79681 a prime number?
False
Is 462607 prime?
True
Is 9871 a composite number?
False
Is 1199257 prime?
True
Is 364569 composite?
True
Is 202859 composite?
False
Is 2417 composite?
False
Is 111547 composite?
True
Is 180703 composite?
True
Is 2869187 a composite number?
False
Is 154753 a composite number?
False
Is 1199 composite?
True
Is 334319 a composite number?
False
Is 817345 composite?
True
Is 99691 prime?
False
Is 7493 composite?
True
Is 5093 prime?
False
Is 86809 prime?
False
Is 723685 a composite number?
True
Is 31279 composite?
True
Is 281141 a composite number?
True
Is 221059 a prime number?
True
Is 3601 a prime number?
False
Is 44753 composite?
False
Is 180599 composite?
True
Is 38389 a prime number?
False
Is 1409701 a prime number?
False
Is 20477 a prime number?
True
Is 975991 composite?
False
Is 2537 a composite number?
True
Is 612713 prime?
True
Is 2536873 a prime number?
True
Is 95863 composite?
True
Is 23741 prime?
True
Is 1961 composite?
True
Is 5749 a composite number?
False
Is 1207029 a composite number?
True
Is 4916101 composite?
True
Is 1637 prime?
True
Is 62227 a prime number?
False
Is 2129 a prime number?
True
Is 8923 a prime number?
True
Is 249877 a composite number?
True
Is 518597 a prime number?
True
Is 82769 a prime number?
False
Is 5594 a composite number?
True
Is 45751 a composite number?
False
Is 14999 a composite number?
True
Is 216014 a prime number?
False
Is 3122423 prime?
False
Is 326437 a prime number?
True
Is 1801 composite?
False
Is 126173 a composite number?
False
Is 80059 a prime number?
False
Is 6801 a composite number?
True
Is 1777 prime?
True
Is 1589 a composite number?
True
Is 19967 composite?
True
Is 23797 a composite number?
True
Is 9047 a composite number?
True
Is 207491 a composite number?
False
Is 326891 a composite number?
True
Is 12569 a composite number?
False
Is 147502 a composite number?
True
Is 31957 a composite number?
False
Is 14981 composite?
True
Is 179099 composite?
False
Is 935107 a composite number?
False
Is 5329 composite?
True
Is 175983 prime?
False
Is 7969 prime?
False
Is 48017 prime?
True
Is 10211 composite?
False
Is 40537 prime?
False
Is 4783 composite?
False
Is 408911 prime?
True
Is 159 a prime number?
False
Is 168323 composite?
False
Is 1693 a prime number?
True
Is 503245 a prime number?
False
Is 20693 composite?
False
Is 3083 composite?
False
Is 139093 composite?
True
Is 8351 a composite number?
True
Is 331355 a prime number?
False
Is 40759 composite?
False
Is 321481 a composite number?
True
Is 17837 a prime number?
True
Is 28859 a composite number?
False
Is 37409 composite?
False
Is 13553 a prime number?
True
Is 227789 a composite number?
False
Is 164777 prime?
False
Is 1373321 prime?
True
Is 10903 prime?
True
Is 50239 a prime number?
False
Is 7331 composite?
False
Is 57991 composite?
False
Is 10211 prime?
True
Is 1113851 prime?
False
Is 4009 a prime number?
False
Is 67883 prime?
True
Is 760961 prime?
True
Is 4327 prime?
True
Is 10589 composite?
False
Is 19793 prime?
True
Is 83243 a composite number?
False
Is 1117 prime?
True
Is 15817 composite?
False
Is 1018669 prime?
True
Is 218721 composite?
True
Is 27049 prime?
False
Is 15419 a composite number?
True
Is 35691 prime?
False
Is 18337 a composite number?
True
Is 25681 prime?
False
Is 8603 a composite number?
True
Is 40757 composite?
True
Is 21269 a composite number?
False
Is 29515 prime?
False
Is 456965 a composite number?
True
Is 1637 composite?
False
Is 1898123 a prime number?
True
Is 620663 a prime number?
True
Is 11677 a composite number?
False
Is 579353 prime?
True
Is 38633 prime?
False
Is 27087 a composite number?
True
Is 124289 a composite number?
True
Is 12011 a prime number?
True
Is 234467 composite?
False
Is 14143 a composite number?
False
Is 30427 prime?
True
Is 93799 composite?
True
Is 64997 composite?
False
Is 1124351 composite?
False
Is 3822191 composite?
False
Is 7393 a composite number?
False
Is 136691 a composite number?
False
Is 5062 a prime number?
False
Is 44141 composite?
True
Is 139121 a prime number?
True
Is 7661 a composite number?
True
Is 999521 a prime number?
True
Is 1817 composite?
True
Is 3641 a composite number?
True
Is 74215 composite?
True
Is 1291 a prime number?
True
Is 2401159 a prime number?
True
Is 76871 prime?
True
Is 25257 composite?
True
Is 5729 a composite number?
True
Is 187307 prime?
False
Is 14393 a prime number?
False
Is 1949 composite?
False
Is 12611 composite?
False
Is 184991 prime?
False
Is 22319 a prime number?
False
Is 19661 a composite number?
False
Is 245842 prime?
False
Is 17635 a composite number?
True
Is 1541 composite?
True
Is 100739 prime?
False
Is 955 composite?
True
Is 160249 composite?
True
Is 10399 prime?
True
Is 280967 a prime number?
True
Is 136943 prime?
True
Is 258563 prime?
True
Is 359 a composite number?
False
Is 2831 composite?
True
Is 35951 a prime number?
True
Is 84347 composite?
False
Is 2918 a composite number?
True
Is 80897 prime?
True
Is 12451 prime?
True
Is 5509 a prime number?
False
Is 5